 + 111123?
111122
In base 15, what is -1 + 3c?
3b
In base 2, what is -11 + -1110001100?
-1110001111
In base 9, what is -103 + 3?
-100
In base 14, what is 7 - -267?
270
In base 6, what is -1 + 304?
303
In base 3, what is 1101 + 10?
1111
In base 9, what is -5 - 832?
-837
In base 7, what is 3 + 40?
43
In base 9, what is 1 + 355?
356
In base 9, what is 1 - -286?
287
In base 11, what is 1077 - 4?
1073
In base 3, what is 2221 + 12?
10010
In base 6, what is -1 - -233?
232
In base 5, what is 2 + -10423?
-10421
In base 11, what is -5a6 + -12?
-608
In base 3, what is 21212201 + -11?
21212120
In base 16, what is -10 - 31?
-41
In base 9, what is -3 - -3126?
3123
In base 3, what is 1101122 + 2?
1101201
In base 5, what is 41433 - 3?
41430
In base 3, what is -112 - -1?
-111
In base 7, what is -1564 + -4?
-1601
In base 8, what is 122 - 147?
-25
In base 4, what is 1 - -213?
220
In base 15, what is 53c6 - 3?
53c3
In base 5, what is -14013 + 10?
-14003
In base 12, what is -5 - -48?
43
In base 5, what is -100 + 211?
111
In base 15, what is 610 - 4?
60b
In base 8, what is 1 + -673?
-672
In base 9, what is -1 + 48?
47
In base 14, what is -2d2d - 5?
-2d34
In base 2, what is -10 + -1001010011?
-1001010101
In base 3, what is 100122 + 1221?
102120
In base 6, what is 2 - 313?
-311
In base 5, what is -4 + 44412?
44403
In base 5, what is 332 + -3?
324
In base 6, what is -2 - 32?
-34
In base 7, what is -1225 + -4?
-1232
In base 4, what is -10 + 1203?
1133
In base 2, what is -11 - -11000000?
10111101
In base 14, what is -9d - 0?
-9d
In base 11, what is 1 - 77?
-76
In base 8, what is 4 - -1707?
1713
In base 9, what is -2 + -76?
-78
In base 3, what is -2122101 + -1?
-2122102
In base 11, what is 490 - 4?
487
In base 10, what is 131 + -14?
117
In base 9, what is 4070 - -4?
4074
In base 2, what is -1011000101111101 - -11?
-1011000101111010
In base 14, what is 2 - d6?
-d4
In base 6, what is 3 - -22?
25
In base 8, what is 456 + 7?
465
In base 4, what is 12 + -2?
10
In base 14, what is -11d5 - -5?
-11d0
In base 6, what is -4 + -1?
-5
In base 2, what is -11 - -111100111?
111100100
In base 15, what is 4 - 150?
-14b
In base 2, what is -110 + 11?
-11
In base 3, what is 2011 + -2?
2002
In base 3, what is 10 + -122?
-112
In base 14, what is 21 + -9?
16
In base 9, what is -7647 - -2?
-7645
In base 3, what is -11 - 12111?
-12122
In base 7, what is 1233 - -2?
1235
In base 4, what is -11 - -13032?
13021
In base 15, what is -bd + -48?
-116
In base 5, what is 104014 - 2?
104012
In base 12, what is -230 - 14?
-244
In base 10, what is 2549 + 1?
2550
In base 2, what is -1000 + 1100000?
1011000
In base 3, what is -1021 - -2010?
212
In base 9, what is -1 - 7?
-8
In base 15, what is c + bd?
ca
In base 13, what is 5c4 + -4?
5c0
In base 5, what is 143414 + 10?
143424
In base 6, what is -102335 + 3?
-102332
In base 12, what is -2a + -2?
-30
In base 8, what is -1 + -20?
-21
In base 3, what is -110102 + -12?
-110121
In base 11, what is -4 + 623?
61a
In base 14, what is -14cd - 5?
-14d4
In base 7, what is -2 - -53?
51
In base 7, what is 220 - 0?
220
In base 11, what is 22a + 6?
235
In base 15, what is -5e - -6?
-58
In base 10, what is 18752 + -3?
18749
In base 13, what is -15 - 4?
-19
In base 12, what is 13a2 - 0?
13a2
In base 4, what is -12301 + 0?
-12301
In base 3, what is -10 + -1221?
-2001
In base 15, what is -1e9 - -8?
-1e1
In base 10, what is -2 - -54?
52
In base 7, what is -2 + -13?
-15
In base 16, what is 38 + -14?
24
In base 5, what is 2 + -32014?
-32012
In base 14, what is 84 + -92?
-c
In base 6, what is 5 - -21?
30
In base 13, what is 1 + 1214?
1215
In base 2, what is -10111010001 + -101?
-10111010110
In base 10, what is 3215 - 10?
3205
In base 3, what is -101 + -12?
-120
In base 16, what is -10 - 7?
-17
In base 16, what is -27 + 35?
e
In base 13, what is -211 + 2?
-20c
In base 13, what is -966 + 0?
-966
In base 5, what is -31013 + -3?
-31021
In base 16, what is -15d + 3?
-15a
In base 10, what is -2 + -2372?
-2374
In base 2, what is 10111100 + 1100?
11001000
In base 14, what is bc + 3?
c1
In base 12, what is -1127 - 0?
-1127
In base 12, what is -76 + 48?
-2a
In base 11, what is 4 - 0?
4
In base 16, what is -951 - -3?
-94e
In base 8, what is -37 + -7?
-46
In base 7, what is -65 + 12?
-53
In base 2, what is 110 - 101001?
-100011
In base 6, what is 2425 - 20?
2405
In base 15, what is 5 + -7?
-2
In base 3, what is -12 + -12110?
-12122
In base 2, what is 1 - 11101000110?
-11101000101
In base 6, what is 32 + -20?
12
In base 9, what is -17 + 3?
-14
In base 8, what is 4 + 1474?
1500
In base 11, what is -8 - -67?
5a
In base 9, what is -3 - 123?
-126
In base 4, what is 231 - -2?
233
In base 4, what is -133 - -121?
-12
In base 3, what is -10220 + -1021?
-12011
In base 6, what is -21 + -233?
-254
In base 12, what is 3 + 4?
7
In base 8, what is -6 + -261?
-267
In base 12, what is 5 + 2b8?
301
In base 13, what is 437 + -5?
432
In base 4, what is -220 - -33?
-121
In base 14, what is -28 - d7?
-121
In base 5, what is 430 - 2?
423
In base 8, what is 1007 - -11?
1020
In base 14, what is 13a - -2?
13c
In base 6, what is -44 - 3?
-51
In base 11, what is -8 + -10?
-18
In base 10, what is -236 - 1?
-237
In base 5, what is 1133 - 4?
1124
In base 13, what is 37 - -6?
40
In base 6, what is 5 - -1122?
1131
In base 13, what is 3 - 11a?
-117
In base 13, what is -1 + ab?
aa
In base 9, what is 140 + -1?
138
In base 3, what is -212121 + -10?
-212201
In base 4, what is -13 - -1312?
1233
In base 16, what is -1a1 + -4?
-1a5
In base 12, what is -4 - -3?
-1
In base 11, what is -a - 2?
-11
In base 2, what is 101 - 1000?
-11
In base 10, what is 143 - -4?
147
In base 2, what is 0 - 1001111101100?
-1001111101100
In base 14, what is -10 + -9?
-19
In base 7, what is 11 + 45?
56
In base 15, what is -30 + 9c?
6c
In base 11, what is 20 + -49?
-29
In base 9, what is 6 + -4?
2
In base 5, what is 3312 + 10?
3322
In base 8, what is 3 + 1344?
1347
In base 15, what is -4 - 5c?
-61
In base 2, what is -100010100 - -10?
-100010010
In base 5, what is 10 + 301?
311
In base 3, what is -12 - -2100?
2011
In base 2, what is 10111110010010 - 11?
10111110001111
In base 6, what is -5 - 125?
-134
In base 15, what is -4 - 46e?
-473
In base 2, what is 11 + 11010?
11101
In base 9, what is 2 + -853?
-851
In base 13, what is 4bb3 - -5?
4bb8
In base 16, what is 7 - 15b?
-154
In base 9, what is -3617 + -4?
-3622
In base 5, what is 10 - 22?
-12
In base 13, what is 5 + -10?
-8
In base 3, what is -20 - -111?
21
In base 11, what is 6 + -1453?
-1448
In base 12, what is -4 - -5?
1
In base 4, what is -3 - 2103?
-2112
In base 9, what is 68 - -254?
333
In base 9, what is -1176 - 13?
-1200
In base 9, what is 255 + -4?
251
In base 15, what is -28 + 4?
-24
In base 9, what is 1388 - -2?
1401
In base 6, what is -5 + -243?
-252
In base 2, what is 10001100 + 100?
10010000
In base 5, what is 24 + -143?
-114
In base 15, what is -52 - -3d?
-14
In base 5, what is -4 + 110?
101
In base 10, what is 5 - -185?
190
In base 12, what is -26 + 2?
-24
In base 4, what is -2 - -1032310?
1032302
In base 16, what is -28cd + -2?
-28cf
In base 9, what is -42 - -4?
-37
In base 12, what is -3 + 455?
452
In base 14, what is -ca + 1?
-c9
In base 12, what is -3 - 11a5?
-11a8
In base 6, what is 12 + -2?
10
In base 14, what is d + 27?
36
In base 2, what is -10000 - -1001011?
111011
In base 14, what is -bd - 4?
-c3
In base 14, what is 4 + 288?
28c
In base 15, what is -7 - -69?
62
In base 3, what is -2102 - 22?
-2201
In base 10, what is -740 + -1?
-741
In base 3, what is -101202 + 100?
-101102
In base 12, what is -1593 - 2?
-1595
In base 5, what is 4043 - 2?
4041
In base 7, what is -42 - -33?
-6
In base 16, what is -12 - -9?
-9
In base 13, what is -2 - -1c5?
1c3
In base 14, what is -17 + -a?
-23
In base 15, what is 186 - -5?
18b
In base 5, what is 21 - -244?
320
In base 16, what is 74 - 1?
73
In base 3, what is -10 + -22101?
-22111
In base 3, what is 11 + 2220?
10001
In base 12, what is -12a0 - -1?
-129b
In base 9, what is -2556 + -3?
-2560
In base 16, what is -5 - a5?
-aa
In base 5, what is 10 + 3034?
3044
In base 11, what is -5 + -721?
-726
In base 16, what is -5 + -18?
-1d
In base 16, what is 4f + -5?
4a
In base 12, what is 10 + -10?
0
In base 6, what is -303 - 2?
-305
In base 11, what is 3 - 10?
-8